s digit of 688?
8
What is the tens digit of 3045?
4
What is the ten thousands digit of 48050?
4
What is the units digit of 2012?
2
What is the ten thousands digit of 20792?
2
What is the tens digit of 13839?
3
What is the tens digit of 91398?
9
What is the thousands digit of 4840?
4
What is the hundreds digit of 1016?
0
What is the hundreds digit of 5820?
8
What is the hundreds digit of 5350?
3
What is the tens digit of 1236?
3
What is the hundreds digit of 7548?
5
What is the units digit of 11541?
1
What is the thousands digit of 4885?
4
What is the tens digit of 994?
9
What is the tens digit of 24461?
6
What is the tens digit of 38631?
3
What is the units digit of 2157?
7
What is the tens digit of 2498?
9
What is the units digit of 1104?
4
What is the units digit of 39712?
2
What is the thousands digit of 2174?
2
What is the units digit of 1134?
4
What is the thousands digit of 34751?
4
What is the thousands digit of 32584?
2
What is the thousands digit of 76650?
6
What is the units digit of 558?
8
What is the units digit of 1473?
3
What is the ten thousands digit of 12152?
1
What is the thousands digit of 32958?
2
What is the tens digit of 2031?
3
What is the tens digit of 515?
1
What is the tens digit of 33368?
6
What is the ten thousands digit of 17123?
1
What is the thousands digit of 1936?
1
What is the ten thousands digit of 14224?
1
What is the thousands digit of 58129?
8
What is the tens digit of 2390?
9
What is the thousands digit of 1053?
1
What is the tens digit of 293?
9
What is the tens digit of 48747?
4
What is the thousands digit of 10495?
0
What is the ten thousands digit of 21093?
2
What is the units digit of 42698?
8
What is the units digit of 962?
2
What is the units digit of 5985?
5
What is the thousands digit of 1144?
1
What is the tens digit of 19850?
5
What is the hundreds digit of 1859?
8
What is the hundreds digit of 1224?
2
What is the thousands digit of 5509?
5
What is the units digit of 2637?
7
What is the hundreds digit of 34271?
2
What is the units digit of 33870?
0
What is the thousands digit of 1188?
1
What is the hundreds digit of 6407?
4
What is the tens digit of 8845?
4
What is the units digit of 29940?
0
What is the thousands digit of 7073?
7
What is the thousands digit of 10845?
0
What is the hundreds digit of 762?
7
What is the units digit of 173?
3
What is the units digit of 203?
3
What is the hundreds digit of 642?
6
What is the tens digit of 753?
5
What is the units digit of 8788?
8
What is the thousands digit of 3580?
3
What is the units digit of 21063?
3
What is the units digit of 397?
7
What is the hundreds digit of 1502?
5
What is the thousands digit of 2957?
2
What is the units digit of 437?
7
What is the hundreds digit of 243?
2
What is the thousands digit of 6017?
6
What is the units digit of 10732?
2
What is the thousands digit of 1778?
1
What is the hundreds digit of 8471?
4
What is the tens digit of 359?
5
What is the hundreds digit of 175?
1
What is the units digit of 4817?
7
What is the thousands digit of 2291?
2
What is the tens digit of 87?
8
What is the tens digit of 10815?
1
What is the hundreds digit of 3431?
4
What is the thousands digit of 8549?
8
What is the hundreds digit of 8380?
3
What is the tens digit of 9559?
5
What is the tens digit of 42068?
6
What is the tens digit of 7234?
3
What is the thousands digit of 3055?
3
What is the hundreds digit of 52795?
7
What is the tens digit of 5807?
0
What is the hundreds digit of 16375?
3
What is the hundreds digit of 2891?
8
What is the ten thousands digit of 18543?
1
What is the units digit of 12910?
0
What is the tens digit of 37727?
2
What is the tens digit of 11028?
2
What is the units digit of 5222?
2
What is the tens digit of 51089?
8
What is the thousands digit of 23134?
3
What is the tens digit of 492?
9
What is the hundreds digit of 257?
2
What is the tens digit of 11736?
3
What is the hundreds digit of 28365?
3
What is the tens digit of 12570?
7
What is the hundreds digit of 114671?
6
What is the hundreds digit of 242?
2
What is the units digit of 46045?
5
What is the hundreds digit of 3763?
7
What is the thousands digit of 6615?
6
What is the units digit of 164057?
7
What is the ten thousands digit of 11368?
1
What is the hundreds digit of 84006?
0
What is the thousands digit of 24825?
4
What is the tens digit of 1006?
0
What is the thousands digit of 44831?
4
What is the thousands digit of 6025?
6
What is the units digit of 58969?
9
What is the units digit of 5103?
3
What is the thousands digit of 2311?
2
What is the tens digit of 4478?
7
What is the units digit of 5025?
5
What is the thousands digit of 11799?
1
What is the ten thousands digit of 33231?
3
What is the units digit of 14483?
3
What is the tens digit of 1316?
1
What is the units digit of 3539?
9
What is the hundreds digit of 343?
3
What is the tens digit of 1860?
6
What is the thousands digit of 1479?
1
What is the units digit of 19346?
6
What is the hundreds digit of 1926?
9
What is the hundreds digit of 121182?
1
What is the tens digit of 15731?
3
What is the hundreds digit of 9048?
0
What is the thousands digit of 19346?
9
What is the ten thousands digit of 15155?
1
What is the tens digit of 2339?
3
What is the hundreds digit of 87641?
6
What is the thousands digit of 29505?
9
What is the hundreds digit of 3156?
1
What is the thousands digit of 1573?
1
What is the hundreds digit of 3407?
4
What is the tens digit of 865?
6
What is the units digit of 6199?
9
What is the tens digit of 28723?
2
What is the thousands digit of 25214?
5
What is the tens digit of 990?
9
What is the ten thousands digit of 32827?
3
What is the tens digit of 160551?
5
What is the hundreds digit of 552?
5
What is the hundreds digit of 1042?
0
What is the thousands digit of 10705?
0
What is the tens digit of 662?
6
What is the hundreds digit of 113143?
1
What is the thousands digit of 18969?
8
What is the thousands digit of 6940?
6
What is the ten thousands digit of 24571?
2
What is the thousands digit of 11404?
1
What is the tens digit of 730?
3
What is the units digit of 7072?
2
What is the thousands digit of 6981?
6
What is the units digit of 1357?
7
What is the units digit of 3659?
9
What is the thousands digit of 4726?
4
What is the thousands digit of 132409?
2
What is the hundreds digit of 1645?
6
What is the hundreds digit of 14918?
9
What is the units digit of 19837?
7
What is the units digit of 22673?
3
What is the tens digit of 41791?
9
What is the hundreds digit of 81872?
8
What is the tens digit of 46?
4
What is the ten thousands digit of 12487?
1
What is the units digit of 74?
4
What is the tens digit of 120442?
4
What is the tens digit of 74174?
7
What is the units digit of 11476?
6
What is the hundreds digit of 52552?
5
What is the tens digit of 8382?
8
What is the hundreds digit of 6205?
2
What is the units digit of 94845?
5
What is the tens digit of 2134?
3
What is the tens digit of 2820?
2
What is the hundreds digit of 713?
7
What is the thousands digit of 1590?
1
What is the tens digit of 70291?
9
What is the units digit of 28?
8
What is the hundreds digit of 8323?
3
What is the tens digit of 4582?
8
What is the thousands digit of 67846?
7
What is the tens digit of 4147?
4
What is the tens digit of 2553?
5
What is the units digit of 1023?
3
What is the units digit of 31882?
2
What is the hundreds digit of 1386?
3
What is the hundreds digit of 88030?
0
What is the thousands digit of 16190?
6
What is the hundreds digit of 1141?
1
What is the hundreds digit of 2931?
9
What is the hundreds digit of 9276?
2
What is the units digit of 4398?
8
What is the ten thousands digit of 30299?
3
What is the tens digit of 553?
5
What is the tens digit of 2464?
6
What is the ten thousands digit of 88062?
8
What is the hundreds digit of 514?
5
What is the hundreds digit of 2669?
6
What is the hundred thousands digit of 119092?
1
What is the units digit of 1154?
4
What is the units digit of 167?
7
What is the hundreds digit of 264?
2
What is the units digit of 740?
0
What is the thousands digit of 65995?
5
What is the units digit of 1244?
4
What is the ten thousands digit of 24835?
2
What is the tens digit of 26494?
9
What is the hundreds digit of 18383?
3
What is the tens digit of 48